0. Let f(v) = v**3 - 10*v**2 + 12*v + 13. Let k be f(9). Calculate the greatest common divisor of m and k.
40
Let v = -2962 + 4821. Calculate the greatest common factor of 33 and v.
11
Suppose 10 + 32 = -3*l. Let q be 30*(l/(-35) + 0/(-2)). Suppose -130 = -17*a + q*a. Calculate the greatest common factor of a and 78.
26
Let i be 373/7 + (-8)/28. Suppose 0 = 5*j + 3*z - 268, -2*j + z = -119 + 14. What is the highest common divisor of i and j?
53
Let r = -20422 - -22206. What is the highest common factor of r and 4683?
223
Suppose 93734 = 117*t + 58*t - 52566. Calculate the highest common divisor of 2052 and t.
76
Suppose -4*j - 12 = -52. Let c(r) be the first derivative of r**3/3 + 3*r**2/2 - 30*r + 24. Let q be c(-15). Calculate the greatest common factor of q and j.
10
Suppose -2*a + 112 = -2*v, 0*v - 2*v = -4*a + 216. Suppose -31239 = -164*u + 75*u. What is the highest common factor of a and u?
13
Suppose 12 = 3*v, m = -v + 2 + 7. Let o be 20 + (2 - m - 2). Calculate the greatest common factor of o and 255.
15
Suppose -t = 3*l - 13614, -5*l + 11252 = 2*t - 15970. Calculate the highest common factor of 264 and t.
132
Let k be 15 + ((-18)/4 - (1265/22)/23). What is the greatest common factor of 3308 and k?
4
Suppose 3*m = 7*m + 4*u - 64, 2*u + 8 = 0. Let r be m/(-50)*(-110)/4. What is the greatest common factor of 2 and r?
1
Let l = -27933 + 33629. What is the highest common divisor of 384 and l?
64
Let m be (-4479)/(-20 + 17) - 16. Calculate the greatest common divisor of m and 28.
7
Let h be (-2 - 7080/32)*(-16 + 12). Calculate the highest common divisor of h and 133.
19
Let v(p) = -10*p**3 - 3*p**2 - 29*p + 6. Let a be v(-8). What is the highest common divisor of a and 126?
126
Suppose -5*j + 11412 + 4703 = 0. Calculate the highest common divisor of j and 11.
11
Suppose -4*z + 1974 - 6614 = -9*z. What is the greatest common divisor of z and 128?
32
Let x = 55 - 31. Let a = 134246 - 134214. What is the highest common divisor of a and x?
8
Suppose -3*u = -121*u - 25*u + 19162. Calculate the greatest common divisor of 28 and u.
2
Let f = 36 - 10. Let j = 33 - f. Let c = 245 - 168. What is the greatest common factor of j and c?
7
Let w be 714*(-2 + (-35)/(-14)). Let d = -346 + w. Calculate the highest common divisor of d and 451.
11
Suppose -4*l - 24 = -0*l. Let g be ((-40)/l)/(71/(-24) - -3). Calculate the greatest common factor of 5 and g.
5
Let i(l) = 8*l + 11. Let q be i(6). Let w = -36 + q. Suppose 214 - 19 = 3*h + 2*x, -3*x = -5*h + 363. What is the greatest common divisor of h and w?
23
Suppose 4*i = -5*w + 170, 2*i - 2 = 4*w - 138. Let n be (76/8)/((-1)/(-68)). Calculate the greatest common divisor of n and w.
34
Suppose 249*s = 57*s + 95*s + 14356. What is the highest common factor of s and 23014?
74
Let s(w) = -3*w - 54. Let b be s(-26). Let v be (b/(-9))/((-14)/189). Let z(p) = 10*p**2 - 10*p. Let j be z(-2). What is the greatest common divisor of j and v?
12
Let p be (-726)/(-15) - (-32)/(-80). What is the greatest common factor of 336 and p?
48
Suppose s - 41 = 2*i, 20 - 65 = -s + 3*i. Calculate the greatest common factor of s and 2937.
33
Suppose -4*h + c = -1961, -16*h + 15*h = 4*c - 520. Calculate the highest common factor of h and 108.
12
Let j = 19 + 16. Let n be (-14)/j + 252/5. Suppose -3*a + n = -112. Calculate the greatest common factor of a and 81.
27
Let l = 250 - 218. Let m be ((-36)/(-21))/(l/448). What is the greatest common factor of m and 128?
8
Let j be 48/(-8) + 36 - 4/(-1). Suppose 40 = 2*x + j. Suppose x*v = 2*i - 99, -i + 59 = v + 22. What is the greatest common divisor of i and 210?
42
Let f be 4498/156 - (-15)/(-18). Suppose 6*u + f = 52. Let t(n) = n**2 + 5*n + 6. Let h be t(-4). What is the greatest common factor of h and u?
2
Suppose 0 = 30*z - 331 - 449. Suppose -s + 5*o = -z, 2*s - s = o + 38. Calculate the highest common factor of s and 82.
41
Let s be -1278*(-14 + 168/18). Calculate the greatest common divisor of s and 84.
84
Let v(b) = -6*b - 53. Let l be v(-10). Let c(i) = 4*i**2 - 3*i + 3. Let s be c(1). Suppose 5 - 61 = -s*o. What is the highest common divisor of l and o?
7
Suppose 2*r + 4*g = 30 + 30, -5*r + 4*g + 150 = 0. What is the highest common factor of r and 1935?
15
Let o(g) = -137*g - 5. Let a be o(-2). Suppose a = 5*p + k, -4*p + 4*k + 208 = 3*k. What is the greatest common divisor of p and 159?
53
Suppose 0 = 38*q + 71*q - 1028629 - 359704. What is the highest common divisor of 141 and q?
47
Let g = -614 + 292. Let h = g - -532. Calculate the greatest common divisor of h and 14.
14
Suppose 0 = -4*u + 93 - 29. Let i = -552 - -297. Let f = 287 + i. What is the greatest common factor of f and u?
16
Suppose -508*j + 504*j + 420 = -4*t, -j = -4*t - 123. Suppose -x - 2*v - 17 = -6*x, 4*x - 4*v = 16. Calculate the greatest common factor of x and j.
3
Let s be ((-66)/(-4))/(614/4912). What is the greatest common divisor of s and 1644?
12
Suppose 17544 - 44245 - 34463 = -12*k. Calculate the greatest common divisor of 3 and k.
3
Suppose -3*y + 4 = y. Let f be 0 + (-1)/y + 3. Suppose f*k + 50 = -0*c + 2*c, -5*c - 4*k = -80. What is the greatest common factor of c and 60?
20
Suppose -6*u + 735 = -11*u + 4*z, -2*u = -2*z + 296. Let o = 241 + u. What is the highest common divisor of o and 154?
14
Let i(y) = -y**2 + 19*y - 73. Let b be i(13). Suppose 3*w - b*l = 168, 5*w + 98 - 378 = -4*l. What is the highest common divisor of 28 and w?
28
Let v be (-6 - (-9)/3) + 30. Let u = 28 - v. Let p be (-327 - u)*2/(-2). Calculate the greatest common divisor of 41 and p.
41
Let g(c) = c**2 + 11*c - 3906. Let l be g(89). Calculate the highest common divisor of l and 22.
22
Let c be 356/22 - (-16)/(-88). Suppose 6*o - 3*o = -105. Let p be (-4473)/o + (-2)/(-10). What is the highest common divisor of c and p?
16
Suppose -28 + 128 = 5*y. Let j = -29 - -36. Let n = -2 + j. What is the highest common factor of n and y?
5
Let l be -9*(-5)/(-3)*3/(-15). Let b be l/((-3)/7)*136/(-28). What is the greatest common factor of b and 51?
17
Let z = -505 + 795. What is the highest common factor of 80 and z?
10
Suppose -26 = p - 21. Let y be (20/(100/(-9)))/(1/p). What is the greatest common factor of 1152 and y?
9
Let v(w) = -w**2 + 13*w + 58. Let j = 23 - 8. Let g be v(j). What is the greatest common factor of 476 and g?
28
Let j = -14 + 19. Let z be 594/(-15)*j/(-1). Suppose 15 = 3*x, 0 = 3*w - 0*w + x - 71. What is the greatest common factor of z and w?
22
Suppose 0 = -3*j + 12, 0*d + 2*d - 2*j - 10 = 0. Suppose -n - 2*n + d = 0. Let k be -51*(-4 + n) - -4. Calculate the greatest common divisor of 11 and k.
11
Let z be 7*(-462)/(-14) + -6. What is the greatest common divisor of 135 and z?
45
Suppose -4*d - 12 = -10*d. Let w be d*1/(-8) + 45/36. Suppose -3*a - 3 = -3*h + 9, -a - w = 0. What is the greatest common factor of 3 and h?
3
Suppose 3*t + 5*a - 11935 - 1158 = 0, -5*t = 2*a - 21790. What is the highest common divisor of t and 36?
36
Let u be 1/9 - 15293894/(-4653). What is the greatest common divisor of u and 346?
173
Suppose -50 = -p - 21. Let i(w) = 66*w**2 - 4810*w - 91. Let q be i(73). Calculate the highest common divisor of p and q.
29
Suppose -6*y - 83 - 151 = 0. Let s = 44 + y. Let q = -2 + s. Calculate the highest common divisor of q and 1.
1
Let y be 100/(-550) - (-3640)/55. Let b = 1839 - 1014. Suppose -7*w + b = -2*w. Calculate the greatest common factor of y and w.
33
Let u = -14 - -22. Suppose 4*m + 68 = u*m. Let o = 22 + m. Calculate the greatest common divisor of o and 52.
13
Let z = -28 - -80. Let g(t) = t + 70. Let l be g(-18). What is the highest common factor of z and l?
52
Suppose -2*i = 3*s - 224, -2*s + 6*i + 151 = 7*i. Let p be -90*(1/2 - s/36). Calculate the highest common factor of p and 30.
30
Suppose 4*c - 21 + 25 = 0, -3*i + 2*c + 410 = 0. What is the highest common divisor of i and 32?
8
Suppose 69 = 3*u - 339. Suppose -73 + 18 = -5*v - 5*p, 61 = 5*v + 4*p. Calculate the highest common factor of u and v.
17
Let c(f) = -18 - 28 - 5*f - 16. Let s be c(-14). What is the greatest common divisor of 28 and s?
4
Let k = -15 + 41. Let v = -534 + 559. Let n = v - -79. Calculate the highest common factor of k and n.
26
Suppose -265*i = -725*i + 128361 + 5959. What is the greatest common factor